*i + 0*i + 16 = p. Suppose p = 2*o - 16. Calculate the remainder when 17 is divided by o.
7
Suppose -12 = 2*c + c, 0 = 4*j - 5*c - 108. What is the remainder when j is divided by (36/(-14))/(3/(-14))?
10
Suppose -154 = -3*t + 5*k, 65 = 2*t + 5*k - 46. What is the remainder when t is divided by 19?
15
Suppose 0 = 2*k + 1 - 9. Suppose 0 = -3*x - 2*n - 2*n + 26, 0 = n - 2. Suppose x = g + 2*g. What is the remainder when k is divided by g?
0
Let v = -66 - -74. Calculate the remainder when v is divided by 7.
1
Suppose -2*w - 5*a = -32, 4*w = 2*w + a + 20. Calculate the remainder when 41 is divided by w.
8
Suppose 375 = 3*u + 114. What is the remainder when u is divided by 18?
15
Let i = -18 + 30. Let g = 32 + -32. Suppose y - 57 + 10 = g. What is the remainder when y is divided by i?
11
Let t(q) = 2*q + 2. Let v be t(-8). Suppose 3*d + j = 95, -j + 24 + 38 = 2*d. Let z = d + v. Calculate the remainder when z is divided by 7.
5
Let w be ((-4)/6)/(4/(-12)). Let x(j) = j + 0*j**w - 3 - 2*j**3 + 2*j - 2*j**2. Calculate the remainder when x(-3) is divided by 13.
11
Let r(q) = 0 + 2 - q - 2*q + 4*q. Let n be r(-2). What is the remainder when 47 + n + 1/(-1) is divided by 16?
14
Suppose 4*b = -3*z + 32, -4*z - z + 35 = 3*b. Suppose -3*m + 75 = -4*c, 0 = z*m + c - 5*c - 100. What is the remainder when m is divided by 9?
7
Let c(i) = i**3 + 9*i**2 + 8*i + 2. Let b be c(-8). Suppose f - 54 = -b*f. Let w = -19 - -29. Calculate the remainder when f is divided by w.
8
Let a = 92 + -64. Suppose -7*w = -3*w - 24. Suppose w = -g - 4*r, 5*r = -3*g + 9 + 1. Calculate the remainder when a is divided by g.
8
Suppose -2*h = -10*h + 64. What is the remainder when 14 is divided by h?
6
Suppose -2*z - 190 = -4*z. Calculate the remainder when z is divided by 16.
15
Let t(v) = v**2 - 1. Let m be (-4)/(-18) - 68/(-18). Suppose 5*a + 0 - 7 = -2*l, l + m*a = 5. Calculate the remainder when t(-2) is divided by l.
0
Let d = -19 - -158. Suppose -3*p + 2*g + 91 = -3*g, -d = -5*p + 2*g. What is the remainder when p is divided by 7?
6
Let k(n) = 2*n - 3. Let p(z) = -z**3 - 5*z**2 - 4*z + 1. Let g = 12 - 16. Calculate the remainder when p(g) is divided by k(2).
0
Let m be 0/(2*2/4). Suppose m - 4 = -2*o. Let w = -22 + 24. What is the remainder when w is divided by o?
0
Let z(c) = 2*c**2 - 5*c + 7. Let f(y) = -3*y**2 + 5*y - 6. Let w(a) = 3*f(a) + 4*z(a). Calculate the remainder when 10 is divided by w(-6).
2
Suppose -4*l = -4*p + 88, -p + 2*l = -16 - 2. Let h = -5 + 7. Suppose 0 = -2*k - h*i + 12, k + 2*k + 4*i = 15. What is the remainder when p is divided by k?
8
Let p be (-1 + 3/6)*0. Suppose p = 2*d - 11 - 17. Calculate the remainder when 26 is divided by d.
12
Let m be (0 - -17) + (-4)/2. Let s be 12/20 - 7/(-5). Calculate the remainder when 45 is divided by -2 + m + (1 - s).
9
Let z = -3 - -5. Suppose 0 = 4*w - 0*m - m - 1, -2*w + 5*m = 13. Let h = 3 - w. Calculate the remainder when h is divided by z.
0
Suppose 7*d - 4*n - 177 = 4*d, -2*n = 5*d - 295. Suppose -4*p = -2*g + 58, 0*g + p = -3*g + d. What is the remainder when 83 is divided by g?
20
Let k(u) = 8*u - 5. Let w = 15 + -10. Suppose -w*m + 83 = -7. What is the remainder when k(5) is divided by m?
17
Let a(t) = 11*t. Let v be a(3). Let x = 49 - v. Calculate the remainder when 30 is divided by x.
14
Suppose 0 = -2*a - a + 9. Let z(c) = c**3 - 3*c**2 + 2*c - 2. What is the remainder when 14 is divided by z(a)?
2
Suppose 0*t = 5*t - 60. Suppose 0*g = 3*g - 15. Let i(m) = m**2 + 4*m + 2. Calculate the remainder when i(g) is divided by t.
11
Let w be (1 - -9)/(5/25). Suppose 0 = -0*j - 2*j + w. Calculate the remainder when j is divided by 9.
7
Suppose -2 + 6 = 2*g. Calculate the remainder when (g - 1)/((-3)/(-237)) is divided by 27.
25
Let z = 10 - 5. Suppose -v + 2 = -2*d, -3 = -z*d + v - 2. What is the remainder when 2 is divided by d?
0
Let h(y) = 11*y + 32. What is the remainder when h(21) is divided by 24?
23
Let x = -3 - -35. Calculate the remainder when x is divided by 3.
2
Let b = -250 - -375. What is the remainder when b is divided by 42?
41
Suppose 2*m + 3*b = -26 + 97, -3*m + 108 = 4*b. Suppose -x = 6 - 27. What is the remainder when m is divided by x?
19
Suppose -2*o - 48 = -2*j, -2*j + o + 50 = -0*j. Let y = 12 - 5. What is the remainder when j is divided by y?
5
Calculate the remainder when 34 is divided by 5/(-30) + (-109)/(-6).
16
Let o(d) = -2*d**3 - 2*d**2 - 2. Let m be o(-3). Calculate the remainder when 21 is divided by 200/m - (-8)/68.
3
Let b be (10/(-15))/((-2)/3). Let x(k) be the third derivative of 17*k**6/120 - k**5/30 + k**3/6 - 3*k**2. What is the remainder when x(b) is divided by 6?
4
Let d = 125 - 69. Suppose -8*z + 4*z = -d. What is the remainder when z is divided by 5?
4
Let p = -60 - -131. What is the remainder when p is divided by 24?
23
Suppose -9*h = -0*h - 189. What is the remainder when h is divided by 6?
3
Suppose 4*g + 12 = g. Let c be 3/(-12) - 65/g. Suppose q - c = -2. Calculate the remainder when q is divided by 8.
6
Let o(f) = 24*f - 4. Let a be o(5). Suppose -2*v + 6*v = a. Calculate the remainder when v is divided by 1/4 - 39/(-4).
9
Calculate the remainder when 23 is divided by (-4)/(-8)*-4 + 8.
5
Let n = 7 - -319. What is the remainder when 8/(-28) - n/(-14) is divided by 12?
11
What is the remainder when 42 is divided by -2*(-5)/(40/36)?
6
Let r = -11 + 28. Calculate the remainder when 31 is divided by r.
14
What is the remainder when (-3 + 6 - 1)*25 is divided by 17?
16
Suppose 0 = -0*x + 2*x - 2. Suppose -p - 5*h - x = -18, 4*p + 4*h - 68 = 0. Let f(z) = 3*z - 3. What is the remainder when p is divided by f(4)?
8
What is the remainder when 82 is divided by 3 + -12*(-6)/4?
19
Suppose -454 = -3*w + d, -5*w - 4*d + 790 = 22. Calculate the remainder when w is divided by 51.
50
Let k be 1/(1/6 + 0). Suppose 2*j + k = 4*j. Calculate the remainder when j is divided by 2.
1
Let v(u) = u**2 + u + 8. Let c be v(0). Suppose c + 14 = 2*i. Calculate the remainder when 30 is divided by i.
8
Let o(i) = 14*i - 36. What is the remainder when o(8) is divided by 13?
11
Suppose 7*t - 2*t - 35 = 0. Let v = 5 - 7. What is the remainder when 29 is divided by (-116)/(-14) + v/t?
5
Suppose 0*d - 8 = -d. Suppose f + 5 = 3*s - d, 3*s - 7 = 4*f. Suppose -5*w - 3*o = -92, f*w - 2*o = 3*w - 24. Calculate the remainder when w is divided by 9.
7
Suppose q + 13 = 2*q - z, -4*z + 38 = 2*q. What is the remainder when q is divided by 4?
3
Suppose -5*x + 215 = -0*x. Suppose -a - a = -44. Calculate the remainder when x is divided by a.
21
Suppose -4*j + 35 = -29. Let y = 1 + 2. Calculate the remainder when 2/3 + 136/y is divided by j.
14
Let k(w) = 6*w**3 + w**2 - 1. What is the remainder when 11 is divided by k(1)?
5
Let u(y) = 3*y**2 + 2*y + 2. Let w(f) = 11*f + 1. Suppose -m - 4*m + 5 = 0. What is the remainder when u(3) is divided by w(m)?
11
Suppose o - 10 = 2*w - 4, 6 = -o - 2*w. Suppose 3*g - 12 - 42 = o. Calculate the remainder when g is divided by 10.
8
Suppose z - 25 = -4. What is the remainder when z is divided by 12?
9
Let x = -1 + 21. What is the remainder when 58 is divided by x?
18
Let x = 18 - 3. What is the remainder when x is divided by (-2)/((-3 - 55/(-20))/1)?
7
Suppose 0 = -2*u - h + 7, 21 = 3*u + 5*h. Suppose 82 = u*r + 5*s, -5*s = -r - 3*s + 50. What is the remainder when r is divided by 12?
10
Calculate the remainder when 195 is divided by -2 - (-13 + 8)/(1/7).
30
Calculate the remainder when 24 - -1 - 4/2 is divided by (-42)/(-63)*(13 - 1).
7
Let q be 2 + 0 + -1 - -4. Suppose -5*h = -h - 8, 0 = -q*w - 3*h + 71. Calculate the remainder when 51 is divided by w.
12
Suppose -8*t + 283 - 19 = 0. What is the remainder when t is divided by 9?
6
Let d(q) be the first derivative of -q**2/2 + 8*q - 1. Let r be d(6). What is the remainder when 5 is divided by (-8)/(-3) + r/(-3)?
1
Suppose 4*y + 4*f = 112, 5*y - 4*f - 43 - 52 = 0. Let m(p) = 3*p**3 - 2*p**2 - 3*p + 2. Calculate the remainder when y is divided by m(2).
11
Let u be (-3 - 10/(-2)) + 3. Suppose 3*p + 40 = u*p. Calculate the remainder when 2/1 + -4 - -41 is divided by p.
19
Let m = 74 - 41. Suppose -3*w = -2*c + 117, -5*c = -2*c - w - 186. What is the remainder when c is divided by m?
30
Suppose -2*k - y = -4*y - 33, y + 60 = 3*k. Su